{"id":147,"date":"2024-01-23T13:16:39","date_gmt":"2024-01-23T12:16:39","guid":{"rendered":"https:\/\/www.sr7.eu\/?page_id=147"},"modified":"2024-02-05T23:29:10","modified_gmt":"2024-02-05T22:29:10","slug":"privacidad","status":"publish","type":"page","link":"https:\/\/www.sr7.eu\/en\/privacidad\/","title":{"rendered":"Privacy Policy"},"content":{"rendered":"<p>[et_pb_section fb_built=\u00bb1&#8243; fullwidth=\u00bbon\u00bb _builder_version=\u00bb4.24.0&#8243; _module_preset=\u00bbdefault\u00bb global_colors_info=\u00bb{}\u00bb][et_pb_fullwidth_post_title meta=\u00bboff\u00bb featured_image=\u00bboff\u00bb admin_label=\u00bbCabecera normal\u00bb _builder_version=\u00bb4.24.0&#8243; _module_preset=\u00bbdefault\u00bb title_font=\u00bbNoway Medium|||on|||||\u00bb title_text_color=\u00bb#FFFFFF\u00bb title_font_size=\u00bb51px\u00bb background_color=\u00bbrgba(0,0,0,0.4)\u00bb background_image=\u00bbhttps:\/\/www.sr7.eu\/wp-content\/uploads\/2024\/02\/AdobeStock_521344366_1250.jpg\u00bb background_blend=\u00bboverlay\u00bb background_enable_pattern_style=\u00bbon\u00bb background_pattern_style=\u00bbdiagonal-stripes-2&#8243; background_pattern_color=\u00bb#0C71C3&#8243; background_pattern_transform=\u00bbflip_horizontal\u00bb background_pattern_blend_mode=\u00bboverlay\u00bb min_height=\u00bb400px\u00bb custom_padding=\u00bb200px||||false|false\u00bb title_font_size_tablet=\u00bb41px\u00bb title_font_size_phone=\u00bb41px\u00bb title_font_size_last_edited=\u00bbon|phone\u00bb global_colors_info=\u00bb{}\u00bb][\/et_pb_fullwidth_post_title][\/et_pb_section][et_pb_section fb_built=\u00bb1&#8243; _builder_version=\u00bb4.24.0&#8243; _module_preset=\u00bbdefault\u00bb global_colors_info=\u00bb{}\u00bb][et_pb_row _builder_version=\u00bb4.24.0&#8243; _module_preset=\u00bbdefault\u00bb custom_padding=\u00bb27px|||||\u00bb global_colors_info=\u00bb{}\u00bb][et_pb_column type=\u00bb4_4&#8243; _builder_version=\u00bb4.24.0&#8243; _module_preset=\u00bbdefault\u00bb global_colors_info=\u00bb{}\u00bb][et_pb_text admin_label=\u00bbTexto encabezado\u00bb _builder_version=\u00bb4.24.0&#8243; _module_preset=\u00bbdefault\u00bb hover_enabled=\u00bb0&#8243; global_colors_info=\u00bb{}\u00bb text_font_size=\u00bb16px\u00bb sticky_enabled=\u00bb0&#8243;]<\/p>\n<p>Como norma general, no necesita facilitar datos de car\u00e1cter personal para navegar de manera satisfactoria por nuestro Sitio Web. Existen espacios con datos de contacto para que usted, pueda trasladarnos sus necesidades, expectativas o inter\u00e9s por alguno de nuestros servicios, incluyendo tambi\u00e9n las sugerencias de mejora ante cualquier incidencia que pueda contemplar.<\/p>\n<p>Por medio de la siguiente tabla, MULTI-INFORMATICA PRINCIPADO le proporciona la informaci\u00f3n que puede tratar as\u00ed como el detalle de responsabilidades, finalidades y tratamientos a aplicar.<\/p>\n<p>[\/et_pb_text][et_pb_text admin_label=\u00bbTabla\u00bb _builder_version=\u00bb4.24.0&#8243; _module_preset=\u00bbdefault\u00bb hover_enabled=\u00bb0&#8243; global_colors_info=\u00bb{}\u00bb sticky_enabled=\u00bb0&#8243; text_font_size=\u00bb16px\u00bb text_font=\u00bbNoway Light||||||||\u00bb]<\/p>\n<p>&nbsp;<\/p>\n<table width=\"99.659864%\" border=\"1\" style=\"height: 1534px; width: 99.659864%; border-style: solid; float: left;\">\n<tbody>\n<tr style=\"height: 22px;\">\n<td style=\"width: 18.712575%; height: 22px; vertical-align: top; border-style: solid;\">EP\u00cdGRAFE<\/td>\n<td style=\"width: 24.550898%; height: 22px; vertical-align: top; border-style: solid;\">INFORMACI\u00d3N B\u00c1SICA<\/td>\n<td style=\"width: 55.239521%; height: 22px; vertical-align: top; border-style: solid;\">INFORMACI\u00d3N ADICIONAL<\/td>\n<\/tr>\n<tr style=\"height: 96px;\">\n<td valign=\"top\" style=\"width: 18.712575%; height: 18px; vertical-align: top; border-style: solid;\">Responsable<\/td>\n<td valign=\"top\" style=\"width: 24.550898%; height: 18px; vertical-align: top; border-style: solid;\">MULTI-INFORMATICA PRINCIPADO S.L.<\/td>\n<td valign=\"top\" style=\"width: 55.239521%; height: 18px; vertical-align: top; border-style: solid;\">\n<p>MULTI-INFORMATICA PRINCIPADO S.L. \/ CIF: B33404203<\/p>\n<p>C\/ LOS SOTOS 35, POLIGONO DE RIA\u00d1O II, 33920 &#8211; LANGREO &#8211; ASTURIAS &#8211; ESPA\u00d1A<\/p>\n<p><span style=\"font-family: inherit; font-size: inherit;\">Tel\u00e9fono: 34 985220313 \/ e-mail: administracion@sr7.eu<\/span><\/p>\n<\/td>\n<\/tr>\n<tr style=\"height: 96px;\">\n<td rowspan=\"2\" style=\"width: 18.712575%; height: 106px; vertical-align: top; border-style: solid;\">Finalidad<\/td>\n<td valign=\"top\" style=\"width: 24.550898%; height: 96px; vertical-align: top; border-style: solid;\">Gesti\u00f3n de selecci\u00f3n de personal<\/td>\n<td valign=\"top\" style=\"width: 55.239521%; height: 96px; vertical-align: top; border-style: solid;\">\n<p>Gesti\u00f3n de selecci\u00f3n de personal para la contrataci\u00f3n de personal.<\/p>\n<p>El plazo de conservaci\u00f3n estar\u00e1 marcado por las necesidades de selecci\u00f3n y\/o contrataci\u00f3n de personal.<\/p>\n<p>No se utilizar\u00e1n sus datos para elaborar perfiles.<\/p>\n<\/td>\n<\/tr>\n<tr style=\"height: 10px;\">\n<td valign=\"top\" style=\"width: 24.550898%; height: 10px; vertical-align: top; border-style: solid;\">Gesti\u00f3n de la solicitud de informaci\u00f3n \/tramitaci\u00f3n de los servicios demandados<\/td>\n<td valign=\"top\" style=\"width: 55.239521%; height: 10px; vertical-align: top; border-style: solid;\">\n<p>Gesti\u00f3n de datos de car\u00e1cter personal para informar sobre los temas demandados \/tramitar los servicios demandados.<\/p>\n<p>Los datos facilitados, solo se conservar\u00e1n para proporcionar la informaci\u00f3n demandada.<\/p>\n<p><span style=\"font-family: inherit; font-size: inherit;\">No se utilizar\u00e1n sus datos para elaborar perfiles.<\/span><\/p>\n<\/td>\n<\/tr>\n<tr style=\"height: 144px;\">\n<td style=\"width: 18.712575%; height: 144px; vertical-align: top; border-style: solid;\">Legitimaci\u00f3n<\/td>\n<td style=\"width: 24.550898%; height: 144px; vertical-align: top; border-style: solid;\">\n<p>Selecci\u00f3n de personal<\/p>\n<p>Contestar a la solicitud de informaci\u00f3n \/tramitar los servicios demandados<\/p>\n<\/td>\n<td style=\"width: 55.239521%; height: 144px; vertical-align: top; border-style: solid;\">\n<p>La base jur\u00eddica del tratamiento se basa en el art.6 del Reglamento (UE) 2016\/679 del Parlamento Europeo y del Consejo, de 27 de abril de 2016, apartados 1a, 1b y 1c.<\/p>\n<p>Usted tiene derecho a no ceder sus datos. A consecuencia podr\u00eda imposibilitarse participar en la selecci\u00f3n de personal \/ prestaci\u00f3n del servicio contratado y\/o proporcionar la informaci\u00f3n demandada.<\/p>\n<\/td>\n<\/tr>\n<tr style=\"height: 48px;\">\n<td rowspan=\"2\" style=\"width: 18.712575%; height: 120px; vertical-align: top; border-style: solid;\">Destinatarios<br \/>(de cesiones o transferencias)<\/td>\n<td style=\"width: 24.550898%; height: 48px; vertical-align: top; border-style: solid;\">Previsi\u00f3n de cesiones<\/td>\n<td style=\"width: 55.239521%; height: 48px; vertical-align: top; border-style: solid;\">Se ceder\u00e1n datos a administraciones p\u00fablicas, en cumplimiento de los requisitos legales aplicables.<\/td>\n<\/tr>\n<tr style=\"height: 72px;\">\n<td style=\"width: 24.550898%; height: 72px; vertical-align: top; border-style: solid;\">Previsi\u00f3n de<br \/>Transferencias, o no, a terceros pa\u00edses<\/td>\n<td style=\"width: 55.239521%; height: 72px; vertical-align: top; border-style: solid;\">No se realizar\u00e1n transferencias de datos salvo imperativo legal.<\/td>\n<\/tr>\n<tr style=\"height: 240px;\">\n<td style=\"width: 18.712575%; height: 240px; vertical-align: top; border-style: solid;\">Derechos<\/td>\n<td style=\"width: 24.550898%; height: 240px; vertical-align: top; border-style: solid;\">Referencia al ejercicio de derechos.<\/td>\n<td style=\"width: 55.239521%; height: 240px; vertical-align: top; border-style: solid;\">\n<p>Podr\u00e1 ejercer los derechos de acceso, rectificaci\u00f3n, supresi\u00f3n y portabilidad de sus datos, y la limitaci\u00f3n u oposici\u00f3n a su tratamiento, en la direcci\u00f3n del responsable de tratamiento, arriba indicada.<\/p>\n<p>Tiene usted derecho a retirar el consentimiento prestado cuando as\u00ed lo considere y la revocaci\u00f3n implica la imposibilidad participar en la selecci\u00f3n de personal y\/o ofrecer la informaci\u00f3n solicitada.<\/p>\n<p>Tiene derecho a presentar una reclamaci\u00f3n ante la Agencia Espa\u00f1ola de Protecci\u00f3n de Datos (www.agpd.es o C\/ Jorge Juan, 6 28001 de Madrid o tel\u00e9fono 901 100 099), si considera que el tratamiento de datos no es acorde a la normativa vigente.<\/p>\n<\/td>\n<\/tr>\n<tr style=\"height: 207px;\">\n<td style=\"width: 18.712575%; height: 207px; vertical-align: top; border-style: solid;\">Procedencia<\/td>\n<td style=\"width: 24.550898%; height: 207px; vertical-align: top; border-style: solid;\">Fuente de los datos<\/td>\n<td style=\"width: 55.239521%; height: 207px; vertical-align: top; border-style: solid;\">\n<p>El origen de los datos tratados es la cesi\u00f3n voluntaria por su parte en la firma de nuestro contrato de servicios.<\/p>\n<p>Las categor\u00edas de datos que se tratan:<\/p>\n<ul>\n<li><span style=\"font-family: inherit; font-size: inherit;\">Datos identificativos y de contacto<\/span><\/li>\n<li>Datos laborales<\/li>\n<li>Datos acad\u00e9micos y\/o profesionales<\/li>\n<\/ul>\n<p>Para actualizar la informaci\u00f3n de sus datos o comunicarnos cualquier necesidad, puede remitir escrito a la direcci\u00f3n postal\/de correo electr\u00f3nico arriba indicada.<\/p>\n<\/td>\n<\/tr>\n<\/tbody>\n<\/table>\n<p>&nbsp;<\/p>\n<p>[\/et_pb_text][\/et_pb_column][\/et_pb_row][\/et_pb_section]<\/p>\n","protected":false},"excerpt":{"rendered":"<p>Como norma general, no necesita facilitar datos de car\u00e1cter personal para navegar de manera satisfactoria por nuestro Sitio Web. Existen espacios con datos de contacto para que usted, pueda trasladarnos sus necesidades, expectativas o inter\u00e9s por alguno de nuestros servicios, incluyendo tambi\u00e9n las sugerencias de mejora ante cualquier incidencia que pueda contemplar. Por medio de [&hellip;]<\/p>\n","protected":false},"author":1,"featured_media":0,"parent":0,"menu_order":0,"comment_status":"closed","ping_status":"closed","template":"","meta":{"_et_pb_use_builder":"on","_et_pb_old_content":"","_et_gb_content_width":"","inline_featured_image":false,"footnotes":""},"class_list":["post-147","page","type-page","status-publish","hentry"],"_links":{"self":[{"href":"https:\/\/www.sr7.eu\/en\/wp-json\/wp\/v2\/pages\/147","targetHints":{"allow":["GET"]}}],"collection":[{"href":"https:\/\/www.sr7.eu\/en\/wp-json\/wp\/v2\/pages"}],"about":[{"href":"https:\/\/www.sr7.eu\/en\/wp-json\/wp\/v2\/types\/page"}],"author":[{"embeddable":true,"href":"https:\/\/www.sr7.eu\/en\/wp-json\/wp\/v2\/users\/1"}],"replies":[{"embeddable":true,"href":"https:\/\/www.sr7.eu\/en\/wp-json\/wp\/v2\/comments?post=147"}],"version-history":[{"count":28,"href":"https:\/\/www.sr7.eu\/en\/wp-json\/wp\/v2\/pages\/147\/revisions"}],"predecessor-version":[{"id":1069,"href":"https:\/\/www.sr7.eu\/en\/wp-json\/wp\/v2\/pages\/147\/revisions\/1069"}],"wp:attachment":[{"href":"https:\/\/www.sr7.eu\/en\/wp-json\/wp\/v2\/media?parent=147"}],"curies":[{"name":"wp","href":"https:\/\/api.w.org\/{rel}","templated":true}]}}

<p>[et_pb_section fb_built=»1&#8243; fullwidth=»on» _builder_version=»4.24.0&#8243; _module_preset=»default» global_colors_info=»{}»][et_pb_fullwidth_post_title meta=»off» featured_image=»off» admin_label=»Cabecera normal» _builder_version=»4.24.0&#8243; _module_preset=»default» title_font=»Noway Medium|||on|||||» title_text_color=»#FFFFFF» title_font_size=»51px» background_color=»rgba(0,0,0,0.4)» background_image=»https://www.sr7.eu/wp-content/uploads/2024/02/AdobeStock_521344366_1250.jpg» background_blend=»overlay» background_enable_pattern_style=»on» background_pattern_style=»diagonal-stripes-2&#8243; background_pattern_color=»#0C71C3&#8243; background_pattern_transform=»flip_horizontal» background_pattern_blend_mode=»overlay» min_height=»400px» custom_padding=»200px||||false|false» title_font_size_tablet=»41px» title_font_size_phone=»41px» title_font_size_last_edited=»on|phone» global_colors_info=»{}»][/et_pb_fullwidth_post_title][/et_pb_section][et_pb_section fb_built=»1&#8243; _builder_version=»4.24.0&#8243; _module_preset=»default» global_colors_info=»{}»][et_pb_row _builder_version=»4.24.0&#8243; _module_preset=»default» custom_padding=»27px|||||» global_colors_info=»{}»][et_pb_column type=»4_4&#8243; _builder_version=»4.24.0&#8243; _module_preset=»default» global_colors_info=»{}»][et_pb_text admin_label=»Texto encabezado» _builder_version=»4.24.0&#8243; _module_preset=»default» hover_enabled=»0&#8243; global_colors_info=»{}» text_font_size=»16px» sticky_enabled=»0&#8243;]</p>
<p>Como norma general, no necesita facilitar datos de carácter personal para navegar de manera satisfactoria por nuestro Sitio Web. Existen espacios con datos de contacto para que usted, pueda trasladarnos sus necesidades, expectativas o interés por alguno de nuestros servicios, incluyendo también las sugerencias de mejora ante cualquier incidencia que pueda contemplar.</p>
<p>Por medio de la siguiente tabla, MULTI-INFORMATICA PRINCIPADO le proporciona la información que puede tratar así como el detalle de responsabilidades, finalidades y tratamientos a aplicar.</p>
<p>[/et_pb_text][et_pb_text admin_label=»Tabla» _builder_version=»4.24.0&#8243; _module_preset=»default» hover_enabled=»0&#8243; global_colors_info=»{}» sticky_enabled=»0&#8243; text_font_size=»16px» text_font=»Noway Light||||||||»]</p>
<p>&nbsp;</p>
<table width="99.659864%" border="1" style="height: 1534px; width: 99.659864%; border-style: solid; float: left;">
<tbody>
<tr style="height: 22px;">
<td style="width: 18.712575%; height: 22px; vertical-align: top; border-style: solid;">EPÍGRAFE</td>
<td style="width: 24.550898%; height: 22px; vertical-align: top; border-style: solid;">INFORMACIÓN BÁSICA</td>
<td style="width: 55.239521%; height: 22px; vertical-align: top; border-style: solid;">INFORMACIÓN ADICIONAL</td>
</tr>
<tr style="height: 96px;">
<td valign="top" style="width: 18.712575%; height: 18px; vertical-align: top; border-style: solid;">Responsable</td>
<td valign="top" style="width: 24.550898%; height: 18px; vertical-align: top; border-style: solid;">MULTI-INFORMATICA PRINCIPADO S.L.</td>
<td valign="top" style="width: 55.239521%; height: 18px; vertical-align: top; border-style: solid;">
<p>MULTI-INFORMATICA PRINCIPADO S.L. / CIF: B33404203</p>
<p>C/ LOS SOTOS 35, POLIGONO DE RIAÑO II, 33920 &#8211; LANGREO &#8211; ASTURIAS &#8211; ESPAÑA</p>
<p><span style="font-family: inherit; font-size: inherit;">Teléfono: 34 985220313 / e-mail: administracion@sr7.eu</span></p>
</td>
</tr>
<tr style="height: 96px;">
<td rowspan="2" style="width: 18.712575%; height: 106px; vertical-align: top; border-style: solid;">Finalidad</td>
<td valign="top" style="width: 24.550898%; height: 96px; vertical-align: top; border-style: solid;">Gestión de selección de personal</td>
<td valign="top" style="width: 55.239521%; height: 96px; vertical-align: top; border-style: solid;">
<p>Gestión de selección de personal para la contratación de personal.</p>
<p>El plazo de conservación estará marcado por las necesidades de selección y/o contratación de personal.</p>
<p>No se utilizarán sus datos para elaborar perfiles.</p>
</td>
</tr>
<tr style="height: 10px;">
<td valign="top" style="width: 24.550898%; height: 10px; vertical-align: top; border-style: solid;">Gestión de la solicitud de información /tramitación de los servicios demandados</td>
<td valign="top" style="width: 55.239521%; height: 10px; vertical-align: top; border-style: solid;">
<p>Gestión de datos de carácter personal para informar sobre los temas demandados /tramitar los servicios demandados.</p>
<p>Los datos facilitados, solo se conservarán para proporcionar la información demandada.</p>
<p><span style="font-family: inherit; font-size: inherit;">No se utilizarán sus datos para elaborar perfiles.</span></p>
</td>
</tr>
<tr style="height: 144px;">
<td style="width: 18.712575%; height: 144px; vertical-align: top; border-style: solid;">Legitimación</td>
<td style="width: 24.550898%; height: 144px; vertical-align: top; border-style: solid;">
<p>Selección de personal</p>
<p>Contestar a la solicitud de información /tramitar los servicios demandados</p>
</td>
<td style="width: 55.239521%; height: 144px; vertical-align: top; border-style: solid;">
<p>La base jurídica del tratamiento se basa en el art.6 del Reglamento (UE) 2016/679 del Parlamento Europeo y del Consejo, de 27 de abril de 2016, apartados 1a, 1b y 1c.</p>
<p>Usted tiene derecho a no ceder sus datos. A consecuencia podría imposibilitarse participar en la selección de personal / prestación del servicio contratado y/o proporcionar la información demandada.</p>
</td>
</tr>
<tr style="height: 48px;">
<td rowspan="2" style="width: 18.712575%; height: 120px; vertical-align: top; border-style: solid;">Destinatarios<br />(de cesiones o transferencias)</td>
<td style="width: 24.550898%; height: 48px; vertical-align: top; border-style: solid;">Previsión de cesiones</td>
<td style="width: 55.239521%; height: 48px; vertical-align: top; border-style: solid;">Se cederán datos a administraciones públicas, en cumplimiento de los requisitos legales aplicables.</td>
</tr>
<tr style="height: 72px;">
<td style="width: 24.550898%; height: 72px; vertical-align: top; border-style: solid;">Previsión de<br />Transferencias, o no, a terceros países</td>
<td style="width: 55.239521%; height: 72px; vertical-align: top; border-style: solid;">No se realizarán transferencias de datos salvo imperativo legal.</td>
</tr>
<tr style="height: 240px;">
<td style="width: 18.712575%; height: 240px; vertical-align: top; border-style: solid;">Derechos</td>
<td style="width: 24.550898%; height: 240px; vertical-align: top; border-style: solid;">Referencia al ejercicio de derechos.</td>
<td style="width: 55.239521%; height: 240px; vertical-align: top; border-style: solid;">
<p>Podrá ejercer los derechos de acceso, rectificación, supresión y portabilidad de sus datos, y la limitación u oposición a su tratamiento, en la dirección del responsable de tratamiento, arriba indicada.</p>
<p>Tiene usted derecho a retirar el consentimiento prestado cuando así lo considere y la revocación implica la imposibilidad participar en la selección de personal y/o ofrecer la información solicitada.</p>
<p>Tiene derecho a presentar una reclamación ante la Agencia Española de Protección de Datos (www.agpd.es o C/ Jorge Juan, 6 28001 de Madrid o teléfono 901 100 099), si considera que el tratamiento de datos no es acorde a la normativa vigente.</p>
</td>
</tr>
<tr style="height: 207px;">
<td style="width: 18.712575%; height: 207px; vertical-align: top; border-style: solid;">Procedencia</td>
<td style="width: 24.550898%; height: 207px; vertical-align: top; border-style: solid;">Fuente de los datos</td>
<td style="width: 55.239521%; height: 207px; vertical-align: top; border-style: solid;">
<p>El origen de los datos tratados es la cesión voluntaria por su parte en la firma de nuestro contrato de servicios.</p>
<p>Las categorías de datos que se tratan:</p>
<ul>
<li><span style="font-family: inherit; font-size: inherit;">Datos identificativos y de contacto</span></li>
<li>Datos laborales</li>
<li>Datos académicos y/o profesionales</li>
</ul>
<p>Para actualizar la información de sus datos o comunicarnos cualquier necesidad, puede remitir escrito a la dirección postal/de correo electrónico arriba indicada.</p>
</td>
</tr>
</tbody>
</table>
<p>&nbsp;</p>
<p>[/et_pb_text][/et_pb_column][/et_pb_row][/et_pb_section]</p>

<p>Como norma general, no necesita facilitar datos de carácter personal para navegar de manera satisfactoria por nuestro Sitio Web. Existen espacios con datos de contacto para que usted, pueda trasladarnos sus necesidades, expectativas o interés por alguno de nuestros servicios, incluyendo también las sugerencias de mejora ante cualquier incidencia que pueda contemplar. Por medio de [&hellip;]</p>
